[INFO] fetching crate sqlx-ts 0.1.0-alpha.11...
[INFO] checking sqlx-ts-0.1.0-alpha.11 against master#9610dfe5a9a731ced1ea4923ecbd0c57fe367898 for beta-170-4
[INFO] extracting crate sqlx-ts 0.1.0-alpha.11 into /workspace/builds/worker-7-tc1/source
[INFO] validating manifest of crates.io crate sqlx-ts 0.1.0-alpha.11 on toolchain 9610dfe5a9a731ced1ea4923ecbd0c57fe367898
[INFO] running `Command { std: CARGO_HOME="/workspace/cargo-home" RUSTUP_HOME="/workspace/rustup-home" "/workspace/cargo-home/bin/cargo" "+9610dfe5a9a731ced1ea4923ecbd0c57fe367898" "metadata" "--manifest-path" "Cargo.toml" "--no-deps", kill_on_drop: false }`
[INFO] removed /workspace/builds/worker-7-tc1/source/rust-toolchain.toml
[INFO] started tweaking crates.io crate sqlx-ts 0.1.0-alpha.11
[INFO] finished tweaking crates.io crate sqlx-ts 0.1.0-alpha.11
[INFO] tweaked toml for crates.io crate sqlx-ts 0.1.0-alpha.11 written to /workspace/builds/worker-7-tc1/source/Cargo.toml
[INFO] crate crates.io crate sqlx-ts 0.1.0-alpha.11 already has a lockfile, it will not be regenerated
[INFO] running `Command { std: CARGO_HOME="/workspace/cargo-home" RUSTUP_HOME="/workspace/rustup-home" "/workspace/cargo-home/bin/cargo" "+9610dfe5a9a731ced1ea4923ecbd0c57fe367898" "fetch" "--manifest-path" "Cargo.toml", kill_on_drop: false }`
[INFO] [stderr]     Updating crates.io index
[INFO] [stderr]     Blocking waiting for file lock on package cache
[INFO] [stderr]  Downloading crates ...
[INFO] [stderr]   Downloaded pmutil v0.5.3
[INFO] [stderr]   Downloaded frunk_proc_macros v0.1.0
[INFO] [stderr]   Downloaded swc_macros_common v0.3.2
[INFO] [stderr]   Downloaded saturating v0.1.0
[INFO] [stderr]   Downloaded swc_ecma_parser_macros v0.4.1
[INFO] [stderr]   Downloaded unicode-id v0.3.0
[INFO] [stderr]   Downloaded twox-hash v1.6.2
[INFO] [stderr]   Downloaded io-enum v1.0.1
[INFO] [stderr]   Downloaded swc_visit v0.3.0
[INFO] [stderr]   Downloaded from_variant v0.1.3
[INFO] [stderr]   Downloaded frunk_proc_macro_helpers v0.1.0
[INFO] [stderr]   Downloaded is-macro v0.2.0
[INFO] [stderr]   Downloaded swc_atoms v0.2.9
[INFO] [stderr]   Downloaded frunk_proc_macros_impl v0.1.0
[INFO] [stderr]   Downloaded frunk_derives v0.4.0
[INFO] [stderr]   Downloaded postgres-protocol v0.6.3
[INFO] [stderr]   Downloaded lexical v6.1.0
[INFO] [stderr]   Downloaded frunk v0.4.0
[INFO] [stderr]   Downloaded frunk_core v0.4.0
[INFO] [stderr]   Downloaded flate2 v1.0.23
[INFO] [stderr]   Downloaded rust_decimal v1.23.1
[INFO] [stderr]   Downloaded lexical-write-float v0.8.4
[INFO] [stderr]   Downloaded mysql_common v0.28.2
[INFO] [stderr]   Downloaded libz-sys v1.1.5
[INFO] [stderr]   Downloaded lexical-parse-float v0.8.3
[INFO] [stderr]   Downloaded swc_common v0.17.18
[INFO] [stderr]   Downloaded tokio-postgres v0.7.5
[INFO] [stderr]   Downloaded lexical-util v0.8.3
[INFO] [stderr]   Downloaded mysql v22.1.0
[INFO] [stderr]   Downloaded lexical-write-integer v0.8.3
[INFO] [stderr]   Downloaded subprocess v0.2.8
[INFO] [stderr]   Downloaded postgres v0.19.2
[INFO] [stderr]   Downloaded tracing-core v0.1.23
[INFO] [stderr]   Downloaded named_pipe v0.4.1
[INFO] [stderr]   Downloaded postgres-types v0.2.2
[INFO] [stderr]   Downloaded lexical-parse-integer v0.8.3
[INFO] [stderr]   Downloaded lexical-core v0.8.3
[INFO] [stderr]   Downloaded string_cache v0.8.3
[INFO] [stderr]   Downloaded better_scoped_tls v0.1.0
[INFO] [stderr]   Downloaded swc_ecma_ast v0.72.0
[INFO] [stderr]   Downloaded enum_kind v0.2.1
[INFO] [stderr]   Downloaded string_enum v0.3.1
[INFO] [stderr]   Downloaded swc_eq_ignore_macros v0.1.0
[INFO] [stderr]   Downloaded swc_visit_macros v0.3.1
[INFO] [stderr]   Downloaded ast_node v0.7.7
[INFO] [stderr]   Downloaded swc_ecma_parser v0.96.0
[INFO] running `Command { std: "docker" "create" "-v" "/var/lib/crater-agent-workspace/builds/worker-7-tc1/target:/opt/rustwide/target:rw,Z" "-v" "/var/lib/crater-agent-workspace/builds/worker-7-tc1/source:/opt/rustwide/workdir:ro,Z" "-v" "/var/lib/crater-agent-workspace/cargo-home:/opt/rustwide/cargo-home:ro,Z" "-v" "/var/lib/crater-agent-workspace/rustup-home:/opt/rustwide/rustup-home:ro,Z" "-e" "SOURCE_DIR=/opt/rustwide/workdir" "-e" "CARGO_TARGET_DIR=/opt/rustwide/target" "-e" "CARGO_HOME=/opt/rustwide/cargo-home" "-e" "RUSTUP_HOME=/opt/rustwide/rustup-home" "-w" "/opt/rustwide/workdir" "-m" "1610612736" "--user" "0:0" "--network" "none" "ghcr.io/rust-lang/crates-build-env/linux@sha256:19e73879b68f455e41552ea35293514db52ea292d993f571636dbffedb77a1ee" "/opt/rustwide/cargo-home/bin/cargo" "+9610dfe5a9a731ced1ea4923ecbd0c57fe367898" "metadata" "--no-deps" "--format-version=1", kill_on_drop: false }`
[INFO] [stdout] 78353ae57e6cfb0a397eb95c3b12ff0f62831b3455a21f7c347e2c240aed3423
[INFO] running `Command { std: "docker" "start" "-a" "78353ae57e6cfb0a397eb95c3b12ff0f62831b3455a21f7c347e2c240aed3423", kill_on_drop: false }`
[INFO] running `Command { std: "docker" "inspect" "78353ae57e6cfb0a397eb95c3b12ff0f62831b3455a21f7c347e2c240aed3423", kill_on_drop: false }`
[INFO] running `Command { std: "docker" "rm" "-f" "78353ae57e6cfb0a397eb95c3b12ff0f62831b3455a21f7c347e2c240aed3423", kill_on_drop: false }`
[INFO] [stdout] 78353ae57e6cfb0a397eb95c3b12ff0f62831b3455a21f7c347e2c240aed3423
[INFO] running `Command { std: "docker" "create" "-v" "/var/lib/crater-agent-workspace/builds/worker-7-tc1/target:/opt/rustwide/target:rw,Z" "-v" "/var/lib/crater-agent-workspace/builds/worker-7-tc1/source:/opt/rustwide/workdir:ro,Z" "-v" "/var/lib/crater-agent-workspace/cargo-home:/opt/rustwide/cargo-home:ro,Z" "-v" "/var/lib/crater-agent-workspace/rustup-home:/opt/rustwide/rustup-home:ro,Z" "-e" "SOURCE_DIR=/opt/rustwide/workdir" "-e" "CARGO_TARGET_DIR=/opt/rustwide/target" "-e" "CARGO_INCREMENTAL=0" "-e" "RUST_BACKTRACE=full" "-e" "RUSTFLAGS=--cap-lints=forbid" "-e" "RUSTDOCFLAGS=--cap-lints=forbid" "-e" "CARGO_HOME=/opt/rustwide/cargo-home" "-e" "RUSTUP_HOME=/opt/rustwide/rustup-home" "-w" "/opt/rustwide/workdir" "-m" "1610612736" "--user" "0:0" "--network" "none" "ghcr.io/rust-lang/crates-build-env/linux@sha256:19e73879b68f455e41552ea35293514db52ea292d993f571636dbffedb77a1ee" "/opt/rustwide/cargo-home/bin/cargo" "+9610dfe5a9a731ced1ea4923ecbd0c57fe367898" "check" "--frozen" "--all" "--all-targets" "--message-format=json", kill_on_drop: false }`
[INFO] [stdout] 6074b13b0b2d77e388f687e6968ade4be10bd651911dad815956d552b2b40ccc
[INFO] running `Command { std: "docker" "start" "-a" "6074b13b0b2d77e388f687e6968ade4be10bd651911dad815956d552b2b40ccc", kill_on_drop: false }`
[INFO] [stderr]    Compiling syn v1.0.90
[INFO] [stderr]    Compiling libc v0.2.121
[INFO] [stderr]    Compiling typenum v1.15.0
[INFO] [stderr]    Compiling serde_derive v1.0.136
[INFO] [stderr]    Compiling getrandom v0.1.16
[INFO] [stderr]     Checking tinyvec_macros v0.1.0
[INFO] [stderr]    Compiling memchr v2.4.1
[INFO] [stderr]    Compiling generic-array v0.14.5
[INFO] [stderr]    Compiling num-traits v0.2.14
[INFO] [stderr]    Compiling serde v1.0.136
[INFO] [stderr]    Compiling pkg-config v0.3.25
[INFO] [stderr]    Compiling regex-syntax v0.6.25
[INFO] [stderr]    Compiling quote v1.0.16
[INFO] [stderr]     Checking once_cell v1.10.0
[INFO] [stderr]     Checking unicode-bidi v0.3.7
[INFO] [stderr]     Checking tinyvec v1.5.1
[INFO] [stderr]     Checking smallvec v1.8.0
[INFO] [stderr]     Checking subtle v2.4.1
[INFO] [stderr]     Checking pin-project-lite v0.2.8
[INFO] [stderr]    Compiling parking_lot_core v0.8.5
[INFO] [stderr]    Compiling log v0.4.16
[INFO] [stderr]     Checking lexical-util v0.8.3
[INFO] [stderr]    Compiling num-integer v0.1.44
[INFO] [stderr]     Checking instant v0.1.12
[INFO] [stderr]     Checking ppv-lite86 v0.2.16
[INFO] [stderr]     Checking siphasher v0.3.10
[INFO] [stderr]    Compiling futures-core v0.3.21
[INFO] [stderr]    Compiling aho-corasick v0.7.18
[INFO] [stderr]     Checking phf_shared v0.10.0
[INFO] [stderr]     Checking lock_api v0.4.6
[INFO] [stderr]    Compiling num-bigint v0.4.3
[INFO] [stderr]     Checking cpufeatures v0.2.2
[INFO] [stderr]     Checking percent-encoding v2.1.0
[INFO] [stderr]    Compiling crossbeam-utils v0.8.8
[INFO] [stderr]    Compiling openssl-sys v0.9.83
[INFO] [stderr]    Compiling memoffset v0.6.5
[INFO] [stderr]    Compiling futures-task v0.3.21
[INFO] [stderr]    Compiling phf_shared v0.8.0
[INFO] [stderr]     Checking either v1.6.1
[INFO] [stderr]     Checking futures-sink v0.3.21
[INFO] [stderr]    Compiling ident_case v1.0.1
[INFO] [stderr]    Compiling futures-channel v0.3.21
[INFO] [stderr]    Compiling fnv v1.0.7
[INFO] [stderr]     Checking unicode-normalization v0.1.19
[INFO] [stderr]    Compiling strsim v0.9.3
[INFO] [stderr]    Compiling frunk_core v0.4.0
[INFO] [stderr]     Checking matches v0.1.9
[INFO] [stderr]     Checking base64 v0.13.0
[INFO] [stderr]    Compiling proc-macro-hack v0.5.19
[INFO] [stderr]    Compiling nom v7.1.1
[INFO] [stderr]    Compiling rand_core v0.5.1
[INFO] [stderr]     Checking lexical-write-integer v0.8.3
[INFO] [stderr]     Checking lexical-parse-integer v0.8.3
[INFO] [stderr]    Compiling rand_chacha v0.2.2
[INFO] [stderr]    Compiling rand_pcg v0.2.1
[INFO] [stderr]    Compiling futures-util v0.3.21
[INFO] [stderr]    Compiling bindgen v0.59.2
[INFO] [stderr]    Compiling clang-sys v1.3.1
[INFO] [stderr]     Checking lexical-parse-float v0.8.3
[INFO] [stderr]    Compiling rand v0.7.3
[INFO] [stderr]     Checking getrandom v0.2.5
[INFO] [stderr]     Checking rand_core v0.6.3
[INFO] [stderr]     Checking ahash v0.7.6
[INFO] [stderr]     Checking parking_lot v0.11.2
[INFO] [stderr]     Checking rand_chacha v0.3.1
[INFO] [stderr]     Checking socket2 v0.4.4
[INFO] [stderr]     Checking idna v0.2.3
[INFO] [stderr]     Checking lexical-write-float v0.8.4
[INFO] [stderr]     Checking crypto-common v0.1.3
[INFO] [stderr]     Checking block-buffer v0.10.2
[INFO] [stderr]     Checking rand v0.8.5
[INFO] [stderr]     Checking form_urlencoded v1.0.1
[INFO] [stderr]    Compiling libz-sys v1.1.5
[INFO] [stderr]     Checking digest v0.10.3
[INFO] [stderr]    Compiling proc-macro-error-attr v1.0.4
[INFO] [stderr]    Compiling crossbeam-epoch v0.9.8
[INFO] [stderr]    Compiling tokio v1.25.0
[INFO] [stderr]     Checking sha2 v0.10.2
[INFO] [stderr]     Checking precomputed-hash v0.1.1
[INFO] [stderr]    Compiling phf_generator v0.8.0
[INFO] [stderr]    Compiling regex v1.5.5
[INFO] [stderr]    Compiling string_cache_codegen v0.5.1
[INFO] [stderr]     Checking futures-io v0.3.21
[INFO] [stderr]     Checking new_debug_unreachable v1.0.4
[INFO] [stderr]     Checking slab v0.4.5
[INFO] [stderr]     Checking void v1.0.2
[INFO] [stderr]    Compiling radium v0.6.2
[INFO] [stderr]     Checking url v2.2.2
[INFO] [stderr]     Checking unreachable v0.1.1
[INFO] [stderr]     Checking hmac v0.12.1
[INFO] [stderr]     Checking md-5 v0.10.1
[INFO] [stderr]     Checking lexical-core v0.8.3
[INFO] [stderr]     Checking hashbrown v0.11.2
[INFO] [stderr]     Checking stringprep v0.1.2
[INFO] [stderr]     Checking mio v0.8.5
[INFO] [stderr]     Checking atty v0.2.14
[INFO] [stderr]    Compiling subprocess v0.2.8
[INFO] [stderr]    Compiling proc-macro-error v1.0.4
[INFO] [stderr]     Checking tracing-core v0.1.23
[INFO] [stderr]    Compiling cmake v0.1.48
[INFO] [stderr]    Compiling swc_atoms v0.2.9
[INFO] [stderr]     Checking fallible-iterator v0.2.0
[INFO] [stderr]    Compiling crossbeam-queue v0.3.5
[INFO] [stderr]    Compiling cexpr v0.6.0
[INFO] [stderr]     Checking termcolor v1.1.3
[INFO] [stderr]     Checking scoped-tls v1.0.0
[INFO] [stderr]    Compiling async-trait v0.1.52
[INFO] [stderr]    Compiling rust_decimal v1.23.1
[INFO] [stderr]     Checking tap v1.0.1
[INFO] [stderr]    Compiling openssl v0.10.48
[INFO] [stderr]    Compiling serde_json v1.0.79
[INFO] [stderr]     Checking postgres-protocol v0.6.3
[INFO] [stderr]    Compiling Inflector v0.11.4
[INFO] [stderr]     Checking wyz v0.4.0
[INFO] [stderr]     Checking better_scoped_tls v0.1.0
[INFO] [stderr]     Checking lexical v6.1.0
[INFO] [stderr]     Checking debug_unreachable v0.1.1
[INFO] [stderr]    Compiling io-enum v1.0.1
[INFO] [stderr]    Compiling indexmap v1.8.1
[INFO] [stderr]     Checking arrayvec v0.7.2
[INFO] [stderr]     Checking unicode-width v0.1.9
[INFO] [stderr]     Checking num_threads v0.1.5
[INFO] [stderr]     Checking ryu v1.0.9
[INFO] [stderr]     Checking itoa v1.0.1
[INFO] [stderr]     Checking funty v1.2.0
[INFO] [stderr]    Compiling native-tls v0.2.10
[INFO] [stderr]     Checking time v0.3.9
[INFO] [stderr]     Checking crossbeam-deque v0.8.1
[INFO] [stderr]     Checking flate2 v1.0.23
[INFO] [stderr]     Checking postgres-types v0.2.2
[INFO] [stderr]     Checking sha-1 v0.10.0
[INFO] [stderr]     Checking crossbeam-channel v0.5.4
[INFO] [stderr]     Checking bitvec v0.22.3
[INFO] [stderr]     Checking phf v0.10.1
[INFO] [stderr]     Checking uuid v0.8.2
[INFO] [stderr]    Compiling mysql v22.1.0
[INFO] [stderr]     Checking saturating v0.1.0
[INFO] [stderr]     Checking unicode-id v0.3.0
[INFO] [stderr]    Compiling heck v0.4.0
[INFO] [stderr]    Compiling pmutil v0.5.3
[INFO] [stderr]    Compiling darling_core v0.10.2
[INFO] [stderr]    Compiling frunk_proc_macro_helpers v0.1.0
[INFO] [stderr]    Compiling derive_utils v0.11.2
[INFO] [stderr]     Checking crossbeam v0.8.1
[INFO] [stderr]    Compiling swc_macros_common v0.3.2
[INFO] [stderr]     Checking lru v0.7.5
[INFO] [stderr]     Checking twox-hash v1.6.2
[INFO] [stderr]     Checking nix v0.23.1
[INFO] [stderr]     Checking pem v1.0.2
[INFO] [stderr]     Checking os_str_bytes v6.0.0
[INFO] [stderr]     Checking typed-arena v2.0.1
[INFO] [stderr]    Compiling doc-comment v0.3.3
[INFO] [stderr]     Checking predicates-core v1.0.3
[INFO] [stderr]     Checking textwrap v0.15.0
[INFO] [stderr]     Checking strsim v0.10.0
[INFO] [stderr]     Checking bufstream v0.1.4
[INFO] [stderr]     Checking walkdir v2.3.2
[INFO] [stderr]     Checking float-cmp v0.9.0
[INFO] [stderr]     Checking itertools v0.10.3
[INFO] [stderr]     Checking sqlparser v0.18.0
[INFO] [stderr]     Checking difflib v0.4.0
[INFO] [stderr]     Checking termtree v0.2.4
[INFO] [stderr]     Checking dotenv v0.15.0
[INFO] [stderr]     Checking regex-automata v0.1.10
[INFO] [stderr]     Checking convert_case v0.5.0
[INFO] [stderr]     Checking normalize-line-endings v0.3.0
[INFO] [stderr]     Checking predicates-tree v1.0.5
[INFO] [stderr]     Checking bstr v0.2.17
[INFO] [stderr]     Checking wait-timeout v0.2.0
[INFO] [stderr]     Checking fastrand v1.7.0
[INFO] [stderr]     Checking yansi v0.5.1
[INFO] [stderr]     Checking remove_dir_all v0.5.3
[INFO] [stderr]     Checking diff v0.1.13
[INFO] [stderr]     Checking tempfile v3.3.0
[INFO] [stderr]     Checking pretty_assertions v1.3.0
[INFO] [stderr]    Compiling futures-macro v0.3.21
[INFO] [stderr]    Compiling darling_macro v0.10.2
[INFO] [stderr]    Compiling frunk_proc_macros_impl v0.1.0
[INFO] [stderr]    Compiling tracing-attributes v0.1.20
[INFO] [stderr]    Compiling swc_visit_macros v0.3.1
[INFO] [stderr]    Compiling openssl-macros v0.1.0
[INFO] [stderr]    Compiling frunk_derives v0.4.0
[INFO] [stderr]    Compiling from_variant v0.1.3
[INFO] [stderr]    Compiling thiserror-impl v1.0.30
[INFO] [stderr]    Compiling swc_eq_ignore_macros v0.1.0
[INFO] [stderr]     Checking tokio-util v0.6.9
[INFO] [stderr]    Compiling string_enum v0.3.1
[INFO] [stderr]    Compiling is-macro v0.2.0
[INFO] [stderr]     Checking frunk_proc_macros v0.1.0
[INFO] [stderr]    Compiling clap_derive v3.1.4
[INFO] [stderr]    Compiling enum_kind v0.2.1
[INFO] [stderr]    Compiling darling v0.10.2
[INFO] [stderr]    Compiling ast_node v0.7.7
[INFO] [stderr]     Checking frunk v0.4.0
[INFO] [stderr]    Compiling swc_ecma_parser_macros v0.4.1
[INFO] [stderr]     Checking predicates v2.1.1
[INFO] [stderr]     Checking assert_cmd v2.0.4
[INFO] [stderr]     Checking thiserror v1.0.30
[INFO] [stderr]     Checking tracing v0.1.32
[INFO] [stderr]    Compiling mysql_common v0.28.2
[INFO] [stderr]     Checking swc_visit v0.3.0
[INFO] [stderr]     Checking clap v3.1.6
[INFO] [stderr]     Checking futures-executor v0.3.21
[INFO] [stderr]     Checking futures v0.3.21
[INFO] [stderr]     Checking tokio-postgres v0.7.5
[INFO] [stderr]     Checking postgres v0.19.2
[INFO] [stderr]     Checking string_cache v0.8.3
[INFO] [stderr]     Checking bigdecimal v0.3.0
[INFO] [stderr]     Checking swc_common v0.17.18
[INFO] [stderr]     Checking swc_ecma_ast v0.72.0
[INFO] [stderr]     Checking swc_ecma_parser v0.96.0
[INFO] [stderr]     Checking sqlx-ts v0.1.0-alpha.11 (/opt/rustwide/workdir)
[INFO] [stdout] warning: unused doc comment
[INFO] [stdout]  --> src/common/lazy.rs:7:1
[INFO] [stdout]   |
[INFO] [stdout] 7 | / /// The file contains all implicitly dependent variables or state that files need for the logic
[INFO] [stdout] 8 | | /// We have a lot of states that we need to drill down into each methods
[INFO] [stdout]   | |_-----------------------------------------------------------------------^
[INFO] [stdout]   |   |
[INFO] [stdout]   |   rustdoc does not generate documentation for macro invocations
[INFO] [stdout]   |
[INFO] [stdout]   = help: to document an item produced by a macro, the macro must produce the documentation as part of its expansion
[INFO] [stdout]   = note: `#[warn(unused_doc_comments)]` on by default
[INFO] [stdout] 
[INFO] [stdout] 
[INFO] [stdout] warning: unused doc comment
[INFO] [stdout]  --> src/common/lazy.rs:7:1
[INFO] [stdout]   |
[INFO] [stdout] 7 | / /// The file contains all implicitly dependent variables or state that files need for the logic
[INFO] [stdout] 8 | | /// We have a lot of states that we need to drill down into each methods
[INFO] [stdout]   | |_-----------------------------------------------------------------------^
[INFO] [stdout]   |   |
[INFO] [stdout]   |   rustdoc does not generate documentation for macro invocations
[INFO] [stdout]   |
[INFO] [stdout]   = help: to document an item produced by a macro, the macro must produce the documentation as part of its expansion
[INFO] [stdout]   = note: `#[warn(unused_doc_comments)]` on by default
[INFO] [stdout] 
[INFO] [stdout] 
[INFO] [stdout] warning: field `tables_cache` is never read
[INFO] [stdout]   --> src/ts_generator/information_schema.rs:27:5
[INFO] [stdout]    |
[INFO] [stdout] 25 | pub struct DBSchema {
[INFO] [stdout]    |            -------- field in this struct
[INFO] [stdout] 26 |     /// tables cache
[INFO] [stdout] 27 |     tables_cache: HashMap<String, Fields>,
[INFO] [stdout]    |     ^^^^^^^^^^^^
[INFO] [stdout]    |
[INFO] [stdout]    = note: `#[warn(dead_code)]` on by default
[INFO] [stdout] 
[INFO] [stdout] 
[INFO] [stdout] warning: field `tables_cache` is never read
[INFO] [stdout]   --> src/ts_generator/information_schema.rs:27:5
[INFO] [stdout]    |
[INFO] [stdout] 25 | pub struct DBSchema {
[INFO] [stdout]    |            -------- field in this struct
[INFO] [stdout] 26 |     /// tables cache
[INFO] [stdout] 27 |     tables_cache: HashMap<String, Fields>,
[INFO] [stdout]    |     ^^^^^^^^^^^^
[INFO] [stdout]    |
[INFO] [stdout]    = note: `#[warn(dead_code)]` on by default
[INFO] [stdout] 
[INFO] [stdout] 
[INFO] [stdout] warning: 2 warnings emitted
[INFO] [stdout] 
[INFO] [stdout] 
[INFO] [stdout] warning: 2 warnings emitted
[INFO] [stdout] 
[INFO] [stdout] 
[INFO] [stdout] error[E0433]: failed to resolve: use of undeclared crate or module `test_utils`
[INFO] [stdout]   --> tests/postgres_update_query_parameters.rs:11:9
[INFO] [stdout]    |
[INFO] [stdout] 11 |     use test_utils::test_utils::TSString;
[INFO] [stdout]    |         ^^^^^^^^^^ use of undeclared crate or module `test_utils`
[INFO] [stdout] 
[INFO] [stdout] 
[INFO] [stdout] error[E0433]: failed to resolve: use of undeclared crate or module `test_utils`
[INFO] [stdout]   --> tests/mysql_insert_query_parameters.rs:11:9
[INFO] [stdout]    |
[INFO] [stdout] 11 |     use test_utils::test_utils::TSString;
[INFO] [stdout]    |         ^^^^^^^^^^ use of undeclared crate or module `test_utils`
[INFO] [stdout] 
[INFO] [stdout] 
[INFO] [stdout] error[E0433]: failed to resolve: use of undeclared crate or module `test_utils`
[INFO] [stdout]   --> tests/postgres_insert_query_parameters.rs:11:9
[INFO] [stdout]    |
[INFO] [stdout] 11 |     use test_utils::test_utils::TSString;
[INFO] [stdout]    |         ^^^^^^^^^^ use of undeclared crate or module `test_utils`
[INFO] [stdout] 
[INFO] [stdout] 
[INFO] [stdout] error[E0433]: failed to resolve: use of undeclared crate or module `test_utils`
[INFO] [stdout]   --> tests/mysql_query_parameters.rs:11:9
[INFO] [stdout]    |
[INFO] [stdout] 11 |     use test_utils::test_utils::TSString;
[INFO] [stdout]    |         ^^^^^^^^^^ use of undeclared crate or module `test_utils`
[INFO] [stdout] 
[INFO] [stdout] 
[INFO] [stdout] error[E0433]: failed to resolve: use of undeclared crate or module `test_utils`
[INFO] [stdout]   --> tests/mysql_delete_query_parameters.rs:11:9
[INFO] [stdout]    |
[INFO] [stdout] 11 |     use test_utils::test_utils::TSString;
[INFO] [stdout]    |         ^^^^^^^^^^ use of undeclared crate or module `test_utils`
[INFO] [stdout] 
[INFO] [stdout] 
[INFO] [stdout] error[E0433]: failed to resolve: use of undeclared crate or module `test_utils`
[INFO] [stdout]   --> tests/mysql_update_query_parameters.rs:11:9
[INFO] [stdout]    |
[INFO] [stdout] 11 |     use test_utils::test_utils::TSString;
[INFO] [stdout]    |         ^^^^^^^^^^ use of undeclared crate or module `test_utils`
[INFO] [stdout] 
[INFO] [stdout] 
[INFO] [stdout] error[E0433]: failed to resolve: use of undeclared crate or module `test_utils`
[INFO] [stdout]   --> tests/postgres_query_parameters.rs:11:9
[INFO] [stdout]    |
[INFO] [stdout] 11 |     use test_utils::test_utils::TSString;
[INFO] [stdout]    |         ^^^^^^^^^^ use of undeclared crate or module `test_utils`
[INFO] [stdout] 
[INFO] [stdout] 
[INFO] [stdout] error[E0433]: failed to resolve: use of undeclared crate or module `test_utils`
[INFO] [stdout]   --> tests/postgres_delete_query_parameters.rs:11:9
[INFO] [stdout]    |
[INFO] [stdout] 11 |     use test_utils::test_utils::TSString;
[INFO] [stdout]    |         ^^^^^^^^^^ use of undeclared crate or module `test_utils`
[INFO] [stdout] 
[INFO] [stdout] 
[INFO] [stdout] error[E0599]: `String` is not an iterator
[INFO] [stdout]   --> tests/mysql_query_parameters.rs:68:48
[INFO] [stdout]    |
[INFO] [stdout] 68 |             gen_query_types.trim().to_string().flatten(),
[INFO] [stdout]    |                                                ^^^^^^^ `String` is not an iterator; try calling `.chars()` or `.bytes()`
[INFO] [stdout]   --> /rustc/9610dfe5a9a731ced1ea4923ecbd0c57fe367898/library/alloc/src/string.rs:365:1
[INFO] [stdout]    |
[INFO] [stdout]    = note: doesn't satisfy `String: Iterator`
[INFO] [stdout]    |
[INFO] [stdout]    = note: the following trait bounds were not satisfied:
[INFO] [stdout]            `String: Iterator`
[INFO] [stdout]            which is required by `&mut String: Iterator`
[INFO] [stdout]            `str: Iterator`
[INFO] [stdout]            which is required by `&mut str: Iterator`
[INFO] [stdout] 
[INFO] [stdout] 
[INFO] [stdout] error[E0599]: `String` is not an iterator
[INFO] [stdout]   --> tests/postgres_query_parameters.rs:69:48
[INFO] [stdout]    |
[INFO] [stdout] 69 |             gen_query_types.trim().to_string().flatten(),
[INFO] [stdout]    |                                                ^^^^^^^ `String` is not an iterator; try calling `.chars()` or `.bytes()`
[INFO] [stdout]   --> /rustc/9610dfe5a9a731ced1ea4923ecbd0c57fe367898/library/alloc/src/string.rs:365:1
[INFO] [stdout]    |
[INFO] [stdout]    = note: doesn't satisfy `String: Iterator`
[INFO] [stdout]    |
[INFO] [stdout]    = note: the following trait bounds were not satisfied:
[INFO] [stdout]            `String: Iterator`
[INFO] [stdout]            which is required by `&mut String: Iterator`
[INFO] [stdout]            `str: Iterator`
[INFO] [stdout]            which is required by `&mut str: Iterator`
[INFO] [stdout] 
[INFO] [stdout] 
[INFO] [stdout] error[E0599]: `String` is not an iterator
[INFO] [stdout]   --> tests/mysql_update_query_parameters.rs:64:48
[INFO] [stdout]    |
[INFO] [stdout] 64 |             gen_query_types.trim().to_string().flatten(),
[INFO] [stdout]    |                                                ^^^^^^^ `String` is not an iterator; try calling `.chars()` or `.bytes()`
[INFO] [stdout]   --> /rustc/9610dfe5a9a731ced1ea4923ecbd0c57fe367898/library/alloc/src/string.rs:365:1
[INFO] [stdout]    |
[INFO] [stdout]    = note: doesn't satisfy `String: Iterator`
[INFO] [stdout]    |
[INFO] [stdout]    = note: the following trait bounds were not satisfied:
[INFO] [stdout]            `String: Iterator`
[INFO] [stdout]            which is required by `&mut String: Iterator`
[INFO] [stdout]            `str: Iterator`
[INFO] [stdout]            which is required by `&mut str: Iterator`
[INFO] [stdout] 
[INFO] [stdout] 
[INFO] [stdout] error[E0599]: `String` is not an iterator
[INFO] [stdout]   --> tests/postgres_delete_query_parameters.rs:65:48
[INFO] [stdout]    |
[INFO] [stdout] 65 |             gen_query_types.trim().to_string().flatten(),
[INFO] [stdout]    |                                                ^^^^^^^ `String` is not an iterator; try calling `.chars()` or `.bytes()`
[INFO] [stdout]   --> /rustc/9610dfe5a9a731ced1ea4923ecbd0c57fe367898/library/alloc/src/string.rs:365:1
[INFO] [stdout]    |
[INFO] [stdout]    = note: doesn't satisfy `String: Iterator`
[INFO] [stdout]    |
[INFO] [stdout]    = note: the following trait bounds were not satisfied:
[INFO] [stdout]            `String: Iterator`
[INFO] [stdout]            which is required by `&mut String: Iterator`
[INFO] [stdout]            `str: Iterator`
[INFO] [stdout]            which is required by `&mut str: Iterator`
[INFO] [stdout] 
[INFO] [stdout] 
[INFO] [stdout] error[E0599]: `String` is not an iterator
[INFO] [stdout]   --> tests/mysql_delete_query_parameters.rs:64:48
[INFO] [stdout]    |
[INFO] [stdout] 64 |             gen_query_types.trim().to_string().flatten(),
[INFO] [stdout]    |                                                ^^^^^^^ `String` is not an iterator; try calling `.chars()` or `.bytes()`
[INFO] [stdout]   --> /rustc/9610dfe5a9a731ced1ea4923ecbd0c57fe367898/library/alloc/src/string.rs:365:1
[INFO] [stdout]    |
[INFO] [stdout]    = note: doesn't satisfy `String: Iterator`
[INFO] [stdout]    |
[INFO] [stdout]    = note: the following trait bounds were not satisfied:
[INFO] [stdout]            `String: Iterator`
[INFO] [stdout]            which is required by `&mut String: Iterator`
[INFO] [stdout]            `str: Iterator`
[INFO] [stdout]            which is required by `&mut str: Iterator`
[INFO] [stdout] 
[INFO] [stdout] 
[INFO] [stdout] error[E0599]: `String` is not an iterator
[INFO] [stdout]   --> tests/postgres_update_query_parameters.rs:63:48
[INFO] [stdout]    |
[INFO] [stdout] 63 |             gen_query_types.trim().to_string().flatten(),
[INFO] [stdout]    |                                                ^^^^^^^ `String` is not an iterator; try calling `.chars()` or `.bytes()`
[INFO] [stdout]   --> /rustc/9610dfe5a9a731ced1ea4923ecbd0c57fe367898/library/alloc/src/string.rs:365:1
[INFO] [stdout]    |
[INFO] [stdout]    = note: doesn't satisfy `String: Iterator`
[INFO] [stdout]    |
[INFO] [stdout]    = note: the following trait bounds were not satisfied:
[INFO] [stdout]            `String: Iterator`
[INFO] [stdout]            which is required by `&mut String: Iterator`
[INFO] [stdout]            `str: Iterator`
[INFO] [stdout]            which is required by `&mut str: Iterator`
[INFO] [stdout] 
[INFO] [stdout] 
[INFO] [stdout] error[E0599]: `String` is not an iterator
[INFO] [stdout]   --> tests/mysql_insert_query_parameters.rs:63:48
[INFO] [stdout]    |
[INFO] [stdout] 63 |             gen_query_types.trim().to_string().flatten(),
[INFO] [stdout]    |                                                ^^^^^^^ `String` is not an iterator; try calling `.chars()` or `.bytes()`
[INFO] [stdout]   --> /rustc/9610dfe5a9a731ced1ea4923ecbd0c57fe367898/library/alloc/src/string.rs:365:1
[INFO] [stdout]    |
[INFO] [stdout]    = note: doesn't satisfy `String: Iterator`
[INFO] [stdout]    |
[INFO] [stdout]    = note: the following trait bounds were not satisfied:
[INFO] [stdout]            `String: Iterator`
[INFO] [stdout]            which is required by `&mut String: Iterator`
[INFO] [stdout]            `str: Iterator`
[INFO] [stdout]            which is required by `&mut str: Iterator`
[INFO] [stdout] 
[INFO] [stdout] 
[INFO] [stdout] error[E0599]: `String` is not an iterator
[INFO] [stdout]   --> tests/postgres_query_parameters.rs:70:35
[INFO] [stdout]    |
[INFO] [stdout] 70 |             type_file.to_string().flatten()
[INFO] [stdout]    |                                   ^^^^^^^ `String` is not an iterator; try calling `.chars()` or `.bytes()`
[INFO] [stdout]   --> /rustc/9610dfe5a9a731ced1ea4923ecbd0c57fe367898/library/alloc/src/string.rs:365:1
[INFO] [stdout]    |
[INFO] [stdout]    = note: doesn't satisfy `String: Iterator`
[INFO] [stdout]    |
[INFO] [stdout]    = note: the following trait bounds were not satisfied:
[INFO] [stdout]            `String: Iterator`
[INFO] [stdout]            which is required by `&mut String: Iterator`
[INFO] [stdout]            `str: Iterator`
[INFO] [stdout]            which is required by `&mut str: Iterator`
[INFO] [stdout] 
[INFO] [stdout] 
[INFO] [stdout] error[E0599]: `String` is not an iterator
[INFO] [stdout]   --> tests/mysql_update_query_parameters.rs:65:35
[INFO] [stdout]    |
[INFO] [stdout] 65 |             type_file.to_string().flatten()
[INFO] [stdout]    |                                   ^^^^^^^ `String` is not an iterator; try calling `.chars()` or `.bytes()`
[INFO] [stdout]   --> /rustc/9610dfe5a9a731ced1ea4923ecbd0c57fe367898/library/alloc/src/string.rs:365:1
[INFO] [stdout]    |
[INFO] [stdout]    = note: doesn't satisfy `String: Iterator`
[INFO] [stdout]    |
[INFO] [stdout]    = note: the following trait bounds were not satisfied:
[INFO] [stdout]            `String: Iterator`
[INFO] [stdout]            which is required by `&mut String: Iterator`
[INFO] [stdout]            `str: Iterator`
[INFO] [stdout]            which is required by `&mut str: Iterator`
[INFO] [stdout] 
[INFO] [stdout] 
[INFO] [stdout] error[E0599]: `String` is not an iterator
[INFO] [stdout]   --> tests/postgres_delete_query_parameters.rs:66:35
[INFO] [stdout]    |
[INFO] [stdout] 66 |             type_file.to_string().flatten()
[INFO] [stdout]    |                                   ^^^^^^^ `String` is not an iterator; try calling `.chars()` or `.bytes()`
[INFO] [stdout]   --> /rustc/9610dfe5a9a731ced1ea4923ecbd0c57fe367898/library/alloc/src/string.rs:365:1
[INFO] [stdout]    |
[INFO] [stdout]    = note: doesn't satisfy `String: Iterator`
[INFO] [stdout]    |
[INFO] [stdout]    = note: the following trait bounds were not satisfied:
[INFO] [stdout]            `String: Iterator`
[INFO] [stdout]            which is required by `&mut String: Iterator`
[INFO] [stdout]            `str: Iterator`
[INFO] [stdout]            which is required by `&mut str: Iterator`
[INFO] [stdout] 
[INFO] [stdout] 
[INFO] [stdout] error[E0599]: `String` is not an iterator
[INFO] [stdout]   --> tests/mysql_insert_query_parameters.rs:64:35
[INFO] [stdout]    |
[INFO] [stdout] 64 |             type_file.to_string().flatten()
[INFO] [stdout]    |                                   ^^^^^^^ `String` is not an iterator; try calling `.chars()` or `.bytes()`
[INFO] [stdout]   --> /rustc/9610dfe5a9a731ced1ea4923ecbd0c57fe367898/library/alloc/src/string.rs:365:1
[INFO] [stdout]    |
[INFO] [stdout]    = note: doesn't satisfy `String: Iterator`
[INFO] [stdout]    |
[INFO] [stdout]    = note: the following trait bounds were not satisfied:
[INFO] [stdout]            `String: Iterator`
[INFO] [stdout]            which is required by `&mut String: Iterator`
[INFO] [stdout]            `str: Iterator`
[INFO] [stdout]            which is required by `&mut str: Iterator`
[INFO] [stdout] 
[INFO] [stdout] 
[INFO] [stdout] error[E0599]: `String` is not an iterator
[INFO] [stdout]   --> tests/mysql_query_parameters.rs:69:35
[INFO] [stdout]    |
[INFO] [stdout] 69 |             type_file.to_string().flatten()
[INFO] [stdout]    |                                   ^^^^^^^ `String` is not an iterator; try calling `.chars()` or `.bytes()`
[INFO] [stdout]   --> /rustc/9610dfe5a9a731ced1ea4923ecbd0c57fe367898/library/alloc/src/string.rs:365:1
[INFO] [stdout]    |
[INFO] [stdout]    = note: doesn't satisfy `String: Iterator`
[INFO] [stdout]    |
[INFO] [stdout]    = note: the following trait bounds were not satisfied:
[INFO] [stdout]            `String: Iterator`
[INFO] [stdout]            which is required by `&mut String: Iterator`
[INFO] [stdout]            `str: Iterator`
[INFO] [stdout]            which is required by `&mut str: Iterator`
[INFO] [stdout] 
[INFO] [stdout] 
[INFO] [stdout] warning: unused import: `predicates::prelude`
[INFO] [stdout]  --> tests/postgres_query_parameters.rs:4:9
[INFO] [stdout]   |
[INFO] [stdout] 4 |     use predicates::prelude::*;
[INFO] [stdout]   |         ^^^^^^^^^^^^^^^^^^^
[INFO] [stdout]   |
[INFO] [stdout]   = note: `#[warn(unused_imports)]` on by default
[INFO] [stdout] 
[INFO] [stdout] 
[INFO] [stdout] error[E0599]: `String` is not an iterator
[INFO] [stdout]   --> tests/mysql_delete_query_parameters.rs:65:35
[INFO] [stdout]    |
[INFO] [stdout] 65 |             type_file.to_string().flatten()
[INFO] [stdout]    |                                   ^^^^^^^ `String` is not an iterator; try calling `.chars()` or `.bytes()`
[INFO] [stdout]   --> /rustc/9610dfe5a9a731ced1ea4923ecbd0c57fe367898/library/alloc/src/string.rs:365:1
[INFO] [stdout]    |
[INFO] [stdout]    = note: doesn't satisfy `String: Iterator`
[INFO] [stdout]    |
[INFO] [stdout]    = note: the following trait bounds were not satisfied:
[INFO] [stdout]            `String: Iterator`
[INFO] [stdout]            which is required by `&mut String: Iterator`
[INFO] [stdout]            `str: Iterator`
[INFO] [stdout]            which is required by `&mut str: Iterator`
[INFO] [stdout] 
[INFO] [stdout] 
[INFO] [stdout] error[E0599]: `String` is not an iterator
[INFO] [stdout]    --> tests/mysql_insert_query_parameters.rs:120:48
[INFO] [stdout]     |
[INFO] [stdout] 120 |             gen_query_types.trim().to_string().flatten(),
[INFO] [stdout]     |                                                ^^^^^^^ `String` is not an iterator; try calling `.chars()` or `.bytes()`
[INFO] [stdout]    --> /rustc/9610dfe5a9a731ced1ea4923ecbd0c57fe367898/library/alloc/src/string.rs:365:1
[INFO] [stdout]     |
[INFO] [stdout]     = note: doesn't satisfy `String: Iterator`
[INFO] [stdout]     |
[INFO] [stdout]     = note: the following trait bounds were not satisfied:
[INFO] [stdout]             `String: Iterator`
[INFO] [stdout]             which is required by `&mut String: Iterator`
[INFO] [stdout]             `str: Iterator`
[INFO] [stdout]             which is required by `&mut str: Iterator`
[INFO] [stdout] 
[INFO] [stdout] 
[INFO] [stdout] error: aborting due to 3 previous errors; 1 warning emitted
[INFO] [stdout] 
[INFO] [stdout] 
[INFO] [stdout] Some errors have detailed explanations: E0433, E0599.
[INFO] [stdout] 
[INFO] [stdout] error[E0599]: `String` is not an iterator
[INFO] [stdout]    --> tests/mysql_update_query_parameters.rs:123:48
[INFO] [stdout]     |
[INFO] [stdout] 123 |             gen_query_types.trim().to_string().flatten(),
[INFO] [stdout]     |                                                ^^^^^^^ `String` is not an iterator; try calling `.chars()` or `.bytes()`
[INFO] [stdout]    --> /rustc/9610dfe5a9a731ced1ea4923ecbd0c57fe367898/library/alloc/src/string.rs:365:1
[INFO] [stdout]     |
[INFO] [stdout]     = note: doesn't satisfy `String: Iterator`
[INFO] [stdout]     |
[INFO] [stdout]     = note: the following trait bounds were not satisfied:
[INFO] [stdout]             `String: Iterator`
[INFO] [stdout]             which is required by `&mut String: Iterator`
[INFO] [stdout]             `str: Iterator`
[INFO] [stdout]             which is required by `&mut str: Iterator`
[INFO] [stdout] 
[INFO] [stdout] 
[INFO] [stdout] For more information about an error, try `rustc --explain E0433`.
[INFO] [stdout] 
[INFO] [stdout] error[E0599]: `String` is not an iterator
[INFO] [stdout]    --> tests/mysql_insert_query_parameters.rs:121:35
[INFO] [stdout]     |
[INFO] [stdout] 121 |             type_file.to_string().flatten()
[INFO] [stdout]     |                                   ^^^^^^^ `String` is not an iterator; try calling `.chars()` or `.bytes()`
[INFO] [stdout]    --> /rustc/9610dfe5a9a731ced1ea4923ecbd0c57fe367898/library/alloc/src/string.rs:365:1
[INFO] [stdout]     |
[INFO] [stdout]     = note: doesn't satisfy `String: Iterator`
[INFO] [stdout]     |
[INFO] [stdout]     = note: the following trait bounds were not satisfied:
[INFO] [stdout]             `String: Iterator`
[INFO] [stdout]             which is required by `&mut String: Iterator`
[INFO] [stdout]             `str: Iterator`
[INFO] [stdout]             which is required by `&mut str: Iterator`
[INFO] [stdout] 
[INFO] [stdout] 
[INFO] [stdout] error[E0599]: `String` is not an iterator
[INFO] [stdout]    --> tests/mysql_query_parameters.rs:127:48
[INFO] [stdout]     |
[INFO] [stdout] 127 |             gen_query_types.trim().to_string().flatten(),
[INFO] [stdout]     |                                                ^^^^^^^ `String` is not an iterator; try calling `.chars()` or `.bytes()`
[INFO] [stdout]    --> /rustc/9610dfe5a9a731ced1ea4923ecbd0c57fe367898/library/alloc/src/string.rs:365:1
[INFO] [stdout]     |
[INFO] [stdout]     = note: doesn't satisfy `String: Iterator`
[INFO] [stdout]     |
[INFO] [stdout]     = note: the following trait bounds were not satisfied:
[INFO] [stdout]             `String: Iterator`
[INFO] [stdout]             which is required by `&mut String: Iterator`
[INFO] [stdout]             `str: Iterator`
[INFO] [stdout]             which is required by `&mut str: Iterator`
[INFO] [stdout] 
[INFO] [stdout] 
[INFO] [stdout] error[E0599]: `String` is not an iterator
[INFO] [stdout]    --> tests/mysql_update_query_parameters.rs:124:35
[INFO] [stdout]     |
[INFO] [stdout] 124 |             type_file.to_string().flatten()
[INFO] [stdout]     |                                   ^^^^^^^ `String` is not an iterator; try calling `.chars()` or `.bytes()`
[INFO] [stdout]    --> /rustc/9610dfe5a9a731ced1ea4923ecbd0c57fe367898/library/alloc/src/string.rs:365:1
[INFO] [stdout]     |
[INFO] [stdout]     = note: doesn't satisfy `String: Iterator`
[INFO] [stdout]     |
[INFO] [stdout]     = note: the following trait bounds were not satisfied:
[INFO] [stdout]             `String: Iterator`
[INFO] [stdout]             which is required by `&mut String: Iterator`
[INFO] [stdout]             `str: Iterator`
[INFO] [stdout]             which is required by `&mut str: Iterator`
[INFO] [stdout] 
[INFO] [stdout] 
[INFO] [stdout] error[E0599]: `String` is not an iterator
[INFO] [stdout]    --> tests/postgres_delete_query_parameters.rs:123:48
[INFO] [stdout]     |
[INFO] [stdout] 123 |             gen_query_types.trim().to_string().flatten(),
[INFO] [stdout]     |                                                ^^^^^^^ `String` is not an iterator; try calling `.chars()` or `.bytes()`
[INFO] [stdout]    --> /rustc/9610dfe5a9a731ced1ea4923ecbd0c57fe367898/library/alloc/src/string.rs:365:1
[INFO] [stdout]     |
[INFO] [stdout]     = note: doesn't satisfy `String: Iterator`
[INFO] [stdout]     |
[INFO] [stdout]     = note: the following trait bounds were not satisfied:
[INFO] [stdout]             `String: Iterator`
[INFO] [stdout]             which is required by `&mut String: Iterator`
[INFO] [stdout]             `str: Iterator`
[INFO] [stdout]             which is required by `&mut str: Iterator`
[INFO] [stdout] 
[INFO] [stdout] 
[INFO] [stdout] warning: unused import: `predicates::prelude`
[INFO] [stdout]  --> tests/mysql_insert_query_parameters.rs:4:9
[INFO] [stdout]   |
[INFO] [stdout] 4 |     use predicates::prelude::*;
[INFO] [stdout]   |         ^^^^^^^^^^^^^^^^^^^
[INFO] [stdout]   |
[INFO] [stdout]   = note: `#[warn(unused_imports)]` on by default
[INFO] [stdout] 
[INFO] [stdout] 
[INFO] [stdout] error[E0599]: `String` is not an iterator
[INFO] [stdout]    --> tests/mysql_delete_query_parameters.rs:121:48
[INFO] [stdout]     |
[INFO] [stdout] 121 |             gen_query_types.trim().to_string().flatten(),
[INFO] [stdout]     |                                                ^^^^^^^ `String` is not an iterator; try calling `.chars()` or `.bytes()`
[INFO] [stdout]    --> /rustc/9610dfe5a9a731ced1ea4923ecbd0c57fe367898/library/alloc/src/string.rs:365:1
[INFO] [stdout]     |
[INFO] [stdout]     = note: doesn't satisfy `String: Iterator`
[INFO] [stdout]     |
[INFO] [stdout]     = note: the following trait bounds were not satisfied:
[INFO] [stdout]             `String: Iterator`
[INFO] [stdout]             which is required by `&mut String: Iterator`
[INFO] [stdout]             `str: Iterator`
[INFO] [stdout]             which is required by `&mut str: Iterator`
[INFO] [stdout] 
[INFO] [stdout] 
[INFO] [stdout] error[E0599]: `String` is not an iterator
[INFO] [stdout]    --> tests/postgres_delete_query_parameters.rs:124:35
[INFO] [stdout]     |
[INFO] [stdout] 124 |             type_file.to_string().flatten()
[INFO] [stdout]     |                                   ^^^^^^^ `String` is not an iterator; try calling `.chars()` or `.bytes()`
[INFO] [stdout]    --> /rustc/9610dfe5a9a731ced1ea4923ecbd0c57fe367898/library/alloc/src/string.rs:365:1
[INFO] [stdout]     |
[INFO] [stdout]     = note: doesn't satisfy `String: Iterator`
[INFO] [stdout]     |
[INFO] [stdout]     = note: the following trait bounds were not satisfied:
[INFO] [stdout]             `String: Iterator`
[INFO] [stdout]             which is required by `&mut String: Iterator`
[INFO] [stdout]             `str: Iterator`
[INFO] [stdout]             which is required by `&mut str: Iterator`
[INFO] [stdout] 
[INFO] [stdout] 
[INFO] [stdout] error[E0599]: `String` is not an iterator
[INFO] [stdout]    --> tests/mysql_query_parameters.rs:128:35
[INFO] [stdout]     |
[INFO] [stdout] 128 |             type_file.to_string().flatten()
[INFO] [stdout]     |                                   ^^^^^^^ `String` is not an iterator; try calling `.chars()` or `.bytes()`
[INFO] [stdout]    --> /rustc/9610dfe5a9a731ced1ea4923ecbd0c57fe367898/library/alloc/src/string.rs:365:1
[INFO] [stdout]     |
[INFO] [stdout]     = note: doesn't satisfy `String: Iterator`
[INFO] [stdout]     |
[INFO] [stdout]     = note: the following trait bounds were not satisfied:
[INFO] [stdout]             `String: Iterator`
[INFO] [stdout]             which is required by `&mut String: Iterator`
[INFO] [stdout]             `str: Iterator`
[INFO] [stdout]             which is required by `&mut str: Iterator`
[INFO] [stdout] 
[INFO] [stdout] 
[INFO] [stdout] warning: unused import: `predicates::prelude`
[INFO] [stdout]  --> tests/mysql_update_query_parameters.rs:4:9
[INFO] [stdout]   |
[INFO] [stdout] 4 |     use predicates::prelude::*;
[INFO] [stdout]   |         ^^^^^^^^^^^^^^^^^^^
[INFO] [stdout]   |
[INFO] [stdout]   = note: `#[warn(unused_imports)]` on by default
[INFO] [stdout] 
[INFO] [stdout] 
[INFO] [stdout] error[E0599]: `String` is not an iterator
[INFO] [stdout]   --> tests/postgres_update_query_parameters.rs:64:35
[INFO] [stdout]    |
[INFO] [stdout] 64 |             type_file.to_string().flatten()
[INFO] [stdout]    |                                   ^^^^^^^ `String` is not an iterator; try calling `.chars()` or `.bytes()`
[INFO] [stdout]   --> /rustc/9610dfe5a9a731ced1ea4923ecbd0c57fe367898/library/alloc/src/string.rs:365:1
[INFO] [stdout]    |
[INFO] [stdout]    = note: doesn't satisfy `String: Iterator`
[INFO] [stdout]    |
[INFO] [stdout]    = note: the following trait bounds were not satisfied:
[INFO] [stdout]            `String: Iterator`
[INFO] [stdout]            which is required by `&mut String: Iterator`
[INFO] [stdout]            `str: Iterator`
[INFO] [stdout]            which is required by `&mut str: Iterator`
[INFO] [stdout] 
[INFO] [stdout] 
[INFO] [stdout] warning: unused import: `predicates::prelude`
[INFO] [stdout]  --> tests/postgres_delete_query_parameters.rs:4:9
[INFO] [stdout]   |
[INFO] [stdout] 4 |     use predicates::prelude::*;
[INFO] [stdout]   |         ^^^^^^^^^^^^^^^^^^^
[INFO] [stdout]   |
[INFO] [stdout]   = note: `#[warn(unused_imports)]` on by default
[INFO] [stdout] 
[INFO] [stdout] 
[INFO] [stdout] error: aborting due to 5 previous errors; 1 warning emitted
[INFO] [stdout] 
[INFO] [stdout] 
[INFO] [stdout] error: aborting due to 5 previous errors; 1 warning emitted
[INFO] [stdout] 
[INFO] [stdout] 
[INFO] [stdout] Some errors have detailed explanations: E0433, E0599.
[INFO] [stdout] 
[INFO] [stdout] For more information about an error, try `rustc --explain E0433`.
[INFO] [stdout] 
[INFO] [stdout] Some errors have detailed explanations: E0433, E0599.
[INFO] [stdout] 
[INFO] [stdout] For more information about an error, try `rustc --explain E0433`.
[INFO] [stdout] 
[INFO] [stdout] error[E0599]: `String` is not an iterator
[INFO] [stdout]   --> tests/postgres_insert_query_parameters.rs:64:48
[INFO] [stdout]    |
[INFO] [stdout] 64 |             gen_query_types.trim().to_string().flatten(),
[INFO] [stdout]    |                                                ^^^^^^^ `String` is not an iterator; try calling `.chars()` or `.bytes()`
[INFO] [stdout]   --> /rustc/9610dfe5a9a731ced1ea4923ecbd0c57fe367898/library/alloc/src/string.rs:365:1
[INFO] [stdout]    |
[INFO] [stdout]    = note: doesn't satisfy `String: Iterator`
[INFO] [stdout]    |
[INFO] [stdout]    = note: the following trait bounds were not satisfied:
[INFO] [stdout]            `String: Iterator`
[INFO] [stdout]            which is required by `&mut String: Iterator`
[INFO] [stdout]            `str: Iterator`
[INFO] [stdout]            which is required by `&mut str: Iterator`
[INFO] [stdout] 
[INFO] [stdout] 
[INFO] [stdout] warning: unused import: `predicates::prelude`
[INFO] [stdout]  --> tests/postgres_update_query_parameters.rs:4:9
[INFO] [stdout]   |
[INFO] [stdout] 4 |     use predicates::prelude::*;
[INFO] [stdout]   |         ^^^^^^^^^^^^^^^^^^^
[INFO] [stdout]   |
[INFO] [stdout]   = note: `#[warn(unused_imports)]` on by default
[INFO] [stdout] 
[INFO] [stdout] 
[INFO] [stdout] error: aborting due to 5 previous errors; 1 warning emitted
[INFO] [stdout] 
[INFO] [stdout] 
[INFO] [stdout] Some errors have detailed explanations: E0433, E0599.
[INFO] [stdout] 
[INFO] [stdout] For more information about an error, try `rustc --explain E0433`.
[INFO] [stdout] 
[INFO] [stdout] error[E0599]: `String` is not an iterator
[INFO] [stdout]   --> tests/postgres_insert_query_parameters.rs:65:35
[INFO] [stdout]    |
[INFO] [stdout] 65 |             type_file.to_string().flatten()
[INFO] [stdout]    |                                   ^^^^^^^ `String` is not an iterator; try calling `.chars()` or `.bytes()`
[INFO] [stdout]   --> /rustc/9610dfe5a9a731ced1ea4923ecbd0c57fe367898/library/alloc/src/string.rs:365:1
[INFO] [stdout]    |
[INFO] [stdout]    = note: doesn't satisfy `String: Iterator`
[INFO] [stdout]    |
[INFO] [stdout]    = note: the following trait bounds were not satisfied:
[INFO] [stdout]            `String: Iterator`
[INFO] [stdout]            which is required by `&mut String: Iterator`
[INFO] [stdout]            `str: Iterator`
[INFO] [stdout]            which is required by `&mut str: Iterator`
[INFO] [stdout] 
[INFO] [stdout] 
[INFO] [stdout] error: aborting due to 3 previous errors; 1 warning emitted
[INFO] [stdout] 
[INFO] [stdout] 
[INFO] [stdout] Some errors have detailed explanations: E0433, E0599.
[INFO] [stdout] 
[INFO] [stdout] error[E0599]: `String` is not an iterator
[INFO] [stdout]    --> tests/mysql_delete_query_parameters.rs:122:35
[INFO] [stdout]     |
[INFO] [stdout] 122 |             type_file.to_string().flatten()
[INFO] [stdout]     |                                   ^^^^^^^ `String` is not an iterator; try calling `.chars()` or `.bytes()`
[INFO] [stdout]    --> /rustc/9610dfe5a9a731ced1ea4923ecbd0c57fe367898/library/alloc/src/string.rs:365:1
[INFO] [stdout]     |
[INFO] [stdout]     = note: doesn't satisfy `String: Iterator`
[INFO] [stdout]     |
[INFO] [stdout]     = note: the following trait bounds were not satisfied:
[INFO] [stdout]             `String: Iterator`
[INFO] [stdout]             which is required by `&mut String: Iterator`
[INFO] [stdout]             `str: Iterator`
[INFO] [stdout]             which is required by `&mut str: Iterator`
[INFO] [stdout] 
[INFO] [stdout] 
[INFO] [stdout] For more information about an error, try `rustc --explain E0433`.
[INFO] [stdout] 
[INFO] [stdout] error[E0599]: `String` is not an iterator
[INFO] [stdout]    --> tests/mysql_query_parameters.rs:195:48
[INFO] [stdout]     |
[INFO] [stdout] 195 |             gen_query_types.trim().to_string().flatten(),
[INFO] [stdout]     |                                                ^^^^^^^ `String` is not an iterator; try calling `.chars()` or `.bytes()`
[INFO] [stdout]    --> /rustc/9610dfe5a9a731ced1ea4923ecbd0c57fe367898/library/alloc/src/string.rs:365:1
[INFO] [stdout]     |
[INFO] [stdout]     = note: doesn't satisfy `String: Iterator`
[INFO] [stdout]     |
[INFO] [stdout]     = note: the following trait bounds were not satisfied:
[INFO] [stdout]             `String: Iterator`
[INFO] [stdout]             which is required by `&mut String: Iterator`
[INFO] [stdout]             `str: Iterator`
[INFO] [stdout]             which is required by `&mut str: Iterator`
[INFO] [stdout] 
[INFO] [stdout] 
[INFO] [stdout] warning: unused import: `predicates::prelude`
[INFO] [stdout]  --> tests/mysql_delete_query_parameters.rs:4:9
[INFO] [stdout]   |
[INFO] [stdout] 4 |     use predicates::prelude::*;
[INFO] [stdout]   |         ^^^^^^^^^^^^^^^^^^^
[INFO] [stdout]   |
[INFO] [stdout]   = note: `#[warn(unused_imports)]` on by default
[INFO] [stdout] 
[INFO] [stdout] 
[INFO] [stdout] error[E0599]: `String` is not an iterator
[INFO] [stdout]    --> tests/mysql_query_parameters.rs:196:35
[INFO] [stdout]     |
[INFO] [stdout] 196 |             type_file.to_string().flatten()
[INFO] [stdout]     |                                   ^^^^^^^ `String` is not an iterator; try calling `.chars()` or `.bytes()`
[INFO] [stdout]    --> /rustc/9610dfe5a9a731ced1ea4923ecbd0c57fe367898/library/alloc/src/string.rs:365:1
[INFO] [stdout]     |
[INFO] [stdout]     = note: doesn't satisfy `String: Iterator`
[INFO] [stdout]     |
[INFO] [stdout]     = note: the following trait bounds were not satisfied:
[INFO] [stdout]             `String: Iterator`
[INFO] [stdout]             which is required by `&mut String: Iterator`
[INFO] [stdout]             `str: Iterator`
[INFO] [stdout]             which is required by `&mut str: Iterator`
[INFO] [stdout] 
[INFO] [stdout] 
[INFO] [stdout] error[E0599]: `String` is not an iterator
[INFO] [stdout]    --> tests/postgres_insert_query_parameters.rs:122:48
[INFO] [stdout]     |
[INFO] [stdout] 122 |             gen_query_types.trim().to_string().flatten(),
[INFO] [stdout]     |                                                ^^^^^^^ `String` is not an iterator; try calling `.chars()` or `.bytes()`
[INFO] [stdout]    --> /rustc/9610dfe5a9a731ced1ea4923ecbd0c57fe367898/library/alloc/src/string.rs:365:1
[INFO] [stdout]     |
[INFO] [stdout]     = note: doesn't satisfy `String: Iterator`
[INFO] [stdout]     |
[INFO] [stdout]     = note: the following trait bounds were not satisfied:
[INFO] [stdout]             `String: Iterator`
[INFO] [stdout]             which is required by `&mut String: Iterator`
[INFO] [stdout]             `str: Iterator`
[INFO] [stdout]             which is required by `&mut str: Iterator`
[INFO] [stdout] 
[INFO] [stdout] 
[INFO] [stderr] error: could not compile `sqlx-ts` (test "postgres_query_parameters") due to 4 previous errors; 1 warning emitted
[INFO] [stderr] warning: build failed, waiting for other jobs to finish...
[INFO] [stderr] error: could not compile `sqlx-ts` (test "mysql_update_query_parameters") due to 6 previous errors; 1 warning emitted
[INFO] [stderr] error: could not compile `sqlx-ts` (test "postgres_delete_query_parameters") due to 6 previous errors; 1 warning emitted
[INFO] [stderr] error: could not compile `sqlx-ts` (test "mysql_insert_query_parameters") due to 6 previous errors; 1 warning emitted
[INFO] [stdout] error[E0599]: `String` is not an iterator
[INFO] [stdout]    --> tests/postgres_insert_query_parameters.rs:123:35
[INFO] [stdout]     |
[INFO] [stdout] 123 |             type_file.to_string().flatten()
[INFO] [stdout]     |                                   ^^^^^^^ `String` is not an iterator; try calling `.chars()` or `.bytes()`
[INFO] [stdout]    --> /rustc/9610dfe5a9a731ced1ea4923ecbd0c57fe367898/library/alloc/src/string.rs:365:1
[INFO] [stdout]     |
[INFO] [stdout]     = note: doesn't satisfy `String: Iterator`
[INFO] [stdout]     |
[INFO] [stdout]     = note: the following trait bounds were not satisfied:
[INFO] [stdout]             `String: Iterator`
[INFO] [stdout]             which is required by `&mut String: Iterator`
[INFO] [stdout]             `str: Iterator`
[INFO] [stdout]             which is required by `&mut str: Iterator`
[INFO] [stdout] 
[INFO] [stdout] 
[INFO] [stdout] warning: unused import: `predicates::prelude`
[INFO] [stdout]  --> tests/postgres_insert_query_parameters.rs:4:9
[INFO] [stdout]   |
[INFO] [stdout] 4 |     use predicates::prelude::*;
[INFO] [stdout]   |         ^^^^^^^^^^^^^^^^^^^
[INFO] [stdout]   |
[INFO] [stdout]   = note: `#[warn(unused_imports)]` on by default
[INFO] [stdout] 
[INFO] [stdout] 
[INFO] [stdout] error[E0599]: `String` is not an iterator
[INFO] [stdout]    --> tests/mysql_query_parameters.rs:263:48
[INFO] [stdout]     |
[INFO] [stdout] 263 |             gen_query_types.trim().to_string().flatten(),
[INFO] [stdout]     |                                                ^^^^^^^ `String` is not an iterator; try calling `.chars()` or `.bytes()`
[INFO] [stdout]    --> /rustc/9610dfe5a9a731ced1ea4923ecbd0c57fe367898/library/alloc/src/string.rs:365:1
[INFO] [stdout]     |
[INFO] [stdout]     = note: doesn't satisfy `String: Iterator`
[INFO] [stdout]     |
[INFO] [stdout]     = note: the following trait bounds were not satisfied:
[INFO] [stdout]             `String: Iterator`
[INFO] [stdout]             which is required by `&mut String: Iterator`
[INFO] [stdout]             `str: Iterator`
[INFO] [stdout]             which is required by `&mut str: Iterator`
[INFO] [stdout] 
[INFO] [stdout] 
[INFO] [stdout] error[E0599]: `String` is not an iterator
[INFO] [stdout]    --> tests/mysql_query_parameters.rs:264:35
[INFO] [stdout]     |
[INFO] [stdout] 264 |             type_file.to_string().flatten()
[INFO] [stdout]     |                                   ^^^^^^^ `String` is not an iterator; try calling `.chars()` or `.bytes()`
[INFO] [stdout]    --> /rustc/9610dfe5a9a731ced1ea4923ecbd0c57fe367898/library/alloc/src/string.rs:365:1
[INFO] [stdout]     |
[INFO] [stdout]     = note: doesn't satisfy `String: Iterator`
[INFO] [stdout]     |
[INFO] [stdout]     = note: the following trait bounds were not satisfied:
[INFO] [stdout]             `String: Iterator`
[INFO] [stdout]             which is required by `&mut String: Iterator`
[INFO] [stdout]             `str: Iterator`
[INFO] [stdout]             which is required by `&mut str: Iterator`
[INFO] [stdout] 
[INFO] [stdout] 
[INFO] [stderr] error: could not compile `sqlx-ts` (test "postgres_update_query_parameters") due to 4 previous errors; 1 warning emitted
[INFO] [stdout] warning: unused import: `predicates::prelude`
[INFO] [stdout]  --> tests/mysql_query_parameters.rs:4:9
[INFO] [stdout]   |
[INFO] [stdout] 4 |     use predicates::prelude::*;
[INFO] [stdout]   |         ^^^^^^^^^^^^^^^^^^^
[INFO] [stdout]   |
[INFO] [stdout]   = note: `#[warn(unused_imports)]` on by default
[INFO] [stdout] 
[INFO] [stdout] 
[INFO] [stdout] error: aborting due to 5 previous errors; 1 warning emitted
[INFO] [stdout] 
[INFO] [stdout] 
[INFO] [stdout] Some errors have detailed explanations: E0433, E0599.
[INFO] [stdout] 
[INFO] [stdout] For more information about an error, try `rustc --explain E0433`.
[INFO] [stdout] 
[INFO] [stdout] error: aborting due to 9 previous errors; 1 warning emitted
[INFO] [stdout] 
[INFO] [stdout] 
[INFO] [stdout] Some errors have detailed explanations: E0433, E0599.
[INFO] [stdout] 
[INFO] [stdout] For more information about an error, try `rustc --explain E0433`.
[INFO] [stdout] 
[INFO] [stdout] error: aborting due to 5 previous errors; 1 warning emitted
[INFO] [stdout] 
[INFO] [stdout] 
[INFO] [stderr] error: could not compile `sqlx-ts` (test "mysql_delete_query_parameters") due to 6 previous errors; 1 warning emitted
[INFO] [stdout] Some errors have detailed explanations: E0433, E0599.
[INFO] [stdout] 
[INFO] [stdout] For more information about an error, try `rustc --explain E0433`.
[INFO] [stdout] 
[INFO] [stderr] error: could not compile `sqlx-ts` (test "postgres_insert_query_parameters") due to 6 previous errors; 1 warning emitted
[INFO] [stderr] error: could not compile `sqlx-ts` (test "mysql_query_parameters") due to 10 previous errors; 1 warning emitted
[INFO] [stdout] warning: unused doc comment
[INFO] [stdout]  --> src/common/lazy.rs:7:1
[INFO] [stdout]   |
[INFO] [stdout] 7 | / /// The file contains all implicitly dependent variables or state that files need for the logic
[INFO] [stdout] 8 | | /// We have a lot of states that we need to drill down into each methods
[INFO] [stdout]   | |_-----------------------------------------------------------------------^
[INFO] [stdout]   |   |
[INFO] [stdout]   |   rustdoc does not generate documentation for macro invocations
[INFO] [stdout]   |
[INFO] [stdout]   = help: to document an item produced by a macro, the macro must produce the documentation as part of its expansion
[INFO] [stdout]   = note: `#[warn(unused_doc_comments)]` on by default
[INFO] [stdout] 
[INFO] [stdout] 
[INFO] [stdout] warning: unused doc comment
[INFO] [stdout]  --> src/common/lazy.rs:7:1
[INFO] [stdout]   |
[INFO] [stdout] 7 | / /// The file contains all implicitly dependent variables or state that files need for the logic
[INFO] [stdout] 8 | | /// We have a lot of states that we need to drill down into each methods
[INFO] [stdout]   | |_-----------------------------------------------------------------------^
[INFO] [stdout]   |   |
[INFO] [stdout]   |   rustdoc does not generate documentation for macro invocations
[INFO] [stdout]   |
[INFO] [stdout]   = help: to document an item produced by a macro, the macro must produce the documentation as part of its expansion
[INFO] [stdout]   = note: `#[warn(unused_doc_comments)]` on by default
[INFO] [stdout] 
[INFO] [stdout] 
[INFO] [stdout] warning: variants `InvalidTypescriptFilePath` and `UnknownPlaceholder` are never constructed
[INFO] [stdout]   --> src/ts_generator/errors.rs:9:5
[INFO] [stdout]    |
[INFO] [stdout] 5  | pub enum TsGeneratorError {
[INFO] [stdout]    |          ---------------- variants in this enum
[INFO] [stdout] ...
[INFO] [stdout] 9  |     InvalidTypescriptFilePath(PathBuf),
[INFO] [stdout]    |     ^^^^^^^^^^^^^^^^^^^^^^^^^
[INFO] [stdout] ...
[INFO] [stdout] 15 |     UnknownPlaceholder(String),
[INFO] [stdout]    |     ^^^^^^^^^^^^^^^^^^
[INFO] [stdout]    |
[INFO] [stdout]    = note: `TsGeneratorError` has a derived impl for the trait `Debug`, but this is intentionally ignored during dead code analysis
[INFO] [stdout]    = note: `#[warn(dead_code)]` on by default
[INFO] [stdout] 
[INFO] [stdout] 
[INFO] [stdout] warning: field `tables_cache` is never read
[INFO] [stdout]   --> src/ts_generator/information_schema.rs:27:5
[INFO] [stdout]    |
[INFO] [stdout] 25 | pub struct DBSchema {
[INFO] [stdout]    |            -------- field in this struct
[INFO] [stdout] 26 |     /// tables cache
[INFO] [stdout] 27 |     tables_cache: HashMap<String, Fields>,
[INFO] [stdout]    |     ^^^^^^^^^^^^
[INFO] [stdout] 
[INFO] [stdout] 
[INFO] [stdout] warning: methods `set_sql_statement` and `set_query` are never used
[INFO] [stdout]   --> src/ts_generator/types/sql_query.rs:12:12
[INFO] [stdout]    |
[INFO] [stdout] 11 | impl SqlQuery {
[INFO] [stdout]    | ------------- methods in this implementation
[INFO] [stdout] 12 |     pub fn set_sql_statement(&mut self, sql_statement: &Statement) {
[INFO] [stdout]    |            ^^^^^^^^^^^^^^^^^
[INFO] [stdout] ...
[INFO] [stdout] 16 |     pub fn set_query(&mut self, query: &Box<Query>) {
[INFO] [stdout]    |            ^^^^^^^^^
[INFO] [stdout] 
[INFO] [stdout] 
[INFO] [stdout] warning: variant `Date` is never constructed
[INFO] [stdout]   --> src/ts_generator/types/ts_query.rs:11:5
[INFO] [stdout]    |
[INFO] [stdout] 6  | pub enum ArrayItem {
[INFO] [stdout]    |          --------- variant in this enum
[INFO] [stdout] ...
[INFO] [stdout] 11 |     Date,
[INFO] [stdout]    |     ^^^^
[INFO] [stdout]    |
[INFO] [stdout]    = note: `ArrayItem` has derived impls for the traits `Clone` and `Debug`, but these are intentionally ignored during dead code analysis
[INFO] [stdout] 
[INFO] [stdout] 
[INFO] [stdout] warning: variants `Array2D` and `Never` are never constructed
[INFO] [stdout]   --> src/ts_generator/types/ts_query.rs:27:5
[INFO] [stdout]    |
[INFO] [stdout] 19 | pub enum TsFieldType {
[INFO] [stdout]    |          ----------- variants in this enum
[INFO] [stdout] ...
[INFO] [stdout] 27 |     Array2D(Array2DContent),
[INFO] [stdout]    |     ^^^^^^^
[INFO] [stdout] 28 |     Array(ArrayItem),
[INFO] [stdout] 29 |     Never,
[INFO] [stdout]    |     ^^^^^
[INFO] [stdout]    |
[INFO] [stdout]    = note: `TsFieldType` has derived impls for the traits `Clone` and `Debug`, but these are intentionally ignored during dead code analysis
[INFO] [stdout] 
[INFO] [stdout] 
[INFO] [stdout] warning: 6 warnings emitted
[INFO] [stdout] 
[INFO] [stdout] 
[INFO] [stdout] warning: variants `InvalidTypescriptFilePath` and `UnknownPlaceholder` are never constructed
[INFO] [stdout]   --> src/ts_generator/errors.rs:9:5
[INFO] [stdout]    |
[INFO] [stdout] 5  | pub enum TsGeneratorError {
[INFO] [stdout]    |          ---------------- variants in this enum
[INFO] [stdout] ...
[INFO] [stdout] 9  |     InvalidTypescriptFilePath(PathBuf),
[INFO] [stdout]    |     ^^^^^^^^^^^^^^^^^^^^^^^^^
[INFO] [stdout] ...
[INFO] [stdout] 15 |     UnknownPlaceholder(String),
[INFO] [stdout]    |     ^^^^^^^^^^^^^^^^^^
[INFO] [stdout]    |
[INFO] [stdout]    = note: `TsGeneratorError` has a derived impl for the trait `Debug`, but this is intentionally ignored during dead code analysis
[INFO] [stdout]    = note: `#[warn(dead_code)]` on by default
[INFO] [stdout] 
[INFO] [stdout] 
[INFO] [stdout] warning: field `tables_cache` is never read
[INFO] [stdout]   --> src/ts_generator/information_schema.rs:27:5
[INFO] [stdout]    |
[INFO] [stdout] 25 | pub struct DBSchema {
[INFO] [stdout]    |            -------- field in this struct
[INFO] [stdout] 26 |     /// tables cache
[INFO] [stdout] 27 |     tables_cache: HashMap<String, Fields>,
[INFO] [stdout]    |     ^^^^^^^^^^^^
[INFO] [stdout] 
[INFO] [stdout] 
[INFO] [stdout] warning: methods `set_sql_statement` and `set_query` are never used
[INFO] [stdout]   --> src/ts_generator/types/sql_query.rs:12:12
[INFO] [stdout]    |
[INFO] [stdout] 11 | impl SqlQuery {
[INFO] [stdout]    | ------------- methods in this implementation
[INFO] [stdout] 12 |     pub fn set_sql_statement(&mut self, sql_statement: &Statement) {
[INFO] [stdout]    |            ^^^^^^^^^^^^^^^^^
[INFO] [stdout] ...
[INFO] [stdout] 16 |     pub fn set_query(&mut self, query: &Box<Query>) {
[INFO] [stdout]    |            ^^^^^^^^^
[INFO] [stdout] 
[INFO] [stdout] 
[INFO] [stdout] warning: variant `Date` is never constructed
[INFO] [stdout]   --> src/ts_generator/types/ts_query.rs:11:5
[INFO] [stdout]    |
[INFO] [stdout] 6  | pub enum ArrayItem {
[INFO] [stdout]    |          --------- variant in this enum
[INFO] [stdout] ...
[INFO] [stdout] 11 |     Date,
[INFO] [stdout]    |     ^^^^
[INFO] [stdout]    |
[INFO] [stdout]    = note: `ArrayItem` has derived impls for the traits `Clone` and `Debug`, but these are intentionally ignored during dead code analysis
[INFO] [stdout] 
[INFO] [stdout] 
[INFO] [stdout] warning: variants `Array2D` and `Never` are never constructed
[INFO] [stdout]   --> src/ts_generator/types/ts_query.rs:27:5
[INFO] [stdout]    |
[INFO] [stdout] 19 | pub enum TsFieldType {
[INFO] [stdout]    |          ----------- variants in this enum
[INFO] [stdout] ...
[INFO] [stdout] 27 |     Array2D(Array2DContent),
[INFO] [stdout]    |     ^^^^^^^
[INFO] [stdout] 28 |     Array(ArrayItem),
[INFO] [stdout] 29 |     Never,
[INFO] [stdout]    |     ^^^^^
[INFO] [stdout]    |
[INFO] [stdout]    = note: `TsFieldType` has derived impls for the traits `Clone` and `Debug`, but these are intentionally ignored during dead code analysis
[INFO] [stdout] 
[INFO] [stdout] 
[INFO] [stdout] warning: 6 warnings emitted
[INFO] [stdout] 
[INFO] [stdout] 
[INFO] running `Command { std: "docker" "inspect" "6074b13b0b2d77e388f687e6968ade4be10bd651911dad815956d552b2b40ccc", kill_on_drop: false }`
[INFO] running `Command { std: "docker" "rm" "-f" "6074b13b0b2d77e388f687e6968ade4be10bd651911dad815956d552b2b40ccc", kill_on_drop: false }`
[INFO] [stdout] 6074b13b0b2d77e388f687e6968ade4be10bd651911dad815956d552b2b40ccc
